0571264?
0
What is the thousands digit of 12585060?
5
What is the millions digit of 1253731?
1
What is the hundred thousands digit of 3154829?
1
What is the ten thousands digit of 704167?
0
What is the ten thousands digit of 83596?
8
What is the units digit of 67045?
5
What is the millions digit of 1095784?
1
What is the thousands digit of 1708100?
8
What is the tens digit of 2042125?
2
What is the hundred thousands digit of 19542237?
5
What is the tens digit of 689746?
4
What is the hundred thousands digit of 8539370?
5
What is the thousands digit of 1752394?
2
What is the thousands digit of 2842978?
2
What is the ten millions digit of 14521775?
1
What is the hundred thousands digit of 409986?
4
What is the ten thousands digit of 59277?
5
What is the millions digit of 1707878?
1
What is the thousands digit of 4162936?
2
What is the hundreds digit of 6393680?
6
What is the tens digit of 29056893?
9
What is the hundreds digit of 524195?
1
What is the ten thousands digit of 30792374?
9
What is the ten thousands digit of 243569?
4
What is the ten thousands digit of 2716199?
1
What is the hundred thousands digit of 5929692?
9
What is the ten millions digit of 10192411?
1
What is the thousands digit of 132863?
2
What is the units digit of 127194?
4
What is the units digit of 423553?
3
What is the hundreds digit of 2664447?
4
What is the hundred thousands digit of 3074088?
0
What is the units digit of 3402076?
6
What is the hundred thousands digit of 154224?
1
What is the thousands digit of 227985?
7
What is the units digit of 155440?
0
What is the thousands digit of 1579312?
9
What is the hundreds digit of 23759?
7
What is the hundred thousands digit of 623808?
6
What is the thousands digit of 235990?
5
What is the ten thousands digit of 3825901?
2
What is the millions digit of 20879809?
0
What is the millions digit of 2515077?
2
What is the tens digit of 60700?
0
What is the hundred thousands digit of 489086?
4
What is the thousands digit of 9797588?
7
What is the units digit of 6606?
6
What is the millions digit of 1025444?
1
What is the millions digit of 2443541?
2
What is the ten thousands digit of 24316?
2
What is the thousands digit of 72999?
2
What is the units digit of 5334?
4
What is the hundred thousands digit of 26078919?
0
What is the ten thousands digit of 831552?
3
What is the hundred thousands digit of 1662007?
6
What is the tens digit of 16568178?
7
What is the tens digit of 323264?
6
What is the hundreds digit of 379000?
0
What is the hundreds digit of 5135829?
8
What is the tens digit of 1269972?
7
What is the hundred thousands digit of 2763451?
7
What is the tens digit of 1308217?
1
What is the thousands digit of 4894567?
4
What is the thousands digit of 24974465?
4
What is the units digit of 5458146?
6
What is the ten thousands digit of 282277?
8
What is the hundred thousands digit of 296732?
2
What is the hundred thousands digit of 129093?
1
What is the tens digit of 423961?
6
What is the ten thousands digit of 417645?
1
What is the millions digit of 16917845?
6
What is the tens digit of 655116?
1
What is the hundred thousands digit of 6188245?
1
What is the ten thousands digit of 31880?
3
What is the thousands digit of 8571400?
1
What is the thousands digit of 701624?
1
What is the millions digit of 13588896?
3
What is the units digit of 673652?
2
What is the thousands digit of 1835634?
5
What is the thousands digit of 18612?
8
What is the hundreds digit of 1249302?
3
What is the thousands digit of 1481432?
1
What is the ten thousands digit of 3278304?
7
What is the units digit of 112741?
1
What is the hundred thousands digit of 3714585?
7
What is the hundreds digit of 418684?
6
What is the ten thousands digit of 1136573?
3
What is the tens digit of 4169426?
2
What is the units digit of 2908047?
7
What is the millions digit of 3598093?
3
What is the tens digit of 3532852?
5
What is the ten thousands digit of 2073521?
7
What is the thousands digit of 208327?
8
What is the hundreds digit of 234407?
4
What is the units digit of 278865?
5
What is the millions digit of 4802113?
4
What is the millions digit of 14422462?
4
What is the ten thousands digit of 924350?
2
What is the hundred thousands digit of 27516337?
5
What is the ten thousands digit of 173324?
7
What is the units digit of 1677706?
6
What is the units digit of 1549972?
2
What is the thousands digit of 1335189?
5
What is the millions digit of 1405009?
1
What is the ten thousands digit of 8119532?
1
What is the hundreds digit of 30354?
3
What is the ten thousands digit of 7383986?
8
What is the millions digit of 9701694?
9
What is the units digit of 434621?
1
What is the units digit of 4654392?
2
What is the hundred thousands digit of 154327?
1
What is the thousands digit of 32035923?
5
What is the hundreds digit of 3255580?
5
What is the hundred thousands digit of 1923489?
9
What is the ten thousands digit of 4748034?
4
What is the tens digit of 720?
2
What is the hundred thousands digit of 2714366?
7
What is the units digit of 499368?
8
What is the hundreds digit of 330323?
3
What is the hundred thousands digit of 2704663?
7
What is the tens digit of 9607445?
4
What is the hundred thousands digit of 283691?
2
What is the ten thousands digit of 12274352?
7
What is the units digit of 121374?
4
What is the tens digit of 11224703?
0
What is the hundred thousands digit of 3762931?
7
What is the hundred thousands digit of 467106?
4
What is the ten thousands digit of 471105?
7
What is the hundreds digit of 829995?
9
What is the units digit of 233694?
4
What is the units digit of 313118?
8
What is the units digit of 105072?
2
What is the tens digit of 939883?
8
What is the units digit of 1112865?
5
What is the thousands digit of 5033150?
3
What is the units digit of 4697267?
7
What is the tens digit of 405947?
4
What is the tens digit of 10194641?
4
What is the ten thousands digit of 27407?
2
What is the ten thousands digit of 2096784?
9
What is the thousands digit of 2151831?
1
What is the hundred thousands digit of 2713012?
7
What is the hundred thousands digit of 4873155?
8
What is the hundred thousands digit of 17870433?
8
What is the ten thousands digit of 9005111?
0
What is the tens digit of 115961?
6
What is the millions digit of 2348975?
2
What is the units digit of 6148551?
1
What is the ten thousands digit of 1056264?
5
What is the thousands digit of 321298?
1
What is the ten millions digit of 11143215?
1
What is the ten thousands digit of 235453?
3
What is the tens digit of 4268?
6
What is the thousands digit of 582895?
2
What is the hundred thousands digit of 14766563?
7
What is the tens digit of 3361551?
5
What is the thousands digit of 1075278?
5
What is the ten thousands digit of 5388731?
8
What is the units digit of 1136671?
1
What is the millions digit of 4689645?
4
What is the units digit of 61561?
1
What is the tens digit of 157424?
2
What is the thousands digit of 2303368?
3
What is the hundred thousands digit of 286808?
2
What is the ten thousands digit of 385882?
8
What is the ten thousands digit of 7806500?
0
What is the thousands digit of 230839?
0
What is the millions digit of 1065216?
1
What is the tens digit of 1515782?
8
What is the ten thousands digit of 51982?
5
What is the hundred thousands digit of 2995632?
9
What is the hundred thousands digit of 840893?
8
What is the ten thousands digit of 2854118?
5
What is the ten thousands digit of 21719722?
1
What is the thousands digit of 2716604?
6
What is the ten thousands digit of 6883938?
8
What is the hundred thousands digit of 513468?
5
What is the hundreds digit of 69920?
9
What is the millions digit of 6871561?
6
What is the ten thousands digit of 1332862?
3
What is the thousands digit of 1276955?
6
What is the ten thousands digit of 7915672?
1
What is the hundred thousands digit of 950837?
9
What is the hundreds digit of 951604?
6
What is the ten millions digit of 20946591?
2
What is the thousands digit of 478306?
8
What is the millions digit of 7324300?
7
What is the tens digit of 1012312?
1
What is the tens digit of 296686?
8
What is the units digit of 109601?
1
What is the tens digit of 3788203?
0
What is the hundred thousands digit of 628288?
6
What is the tens digit of 7885610?
1
What i